{"id":7321,"date":"2024-08-06T13:35:22","date_gmt":"2024-08-06T13:35:22","guid":{"rendered":"https:\/\/fpisaofrancisco.inf.br\/?page_id=7321"},"modified":"2024-08-06T13:39:23","modified_gmt":"2024-08-06T13:39:23","slug":"tematicas-de-atuacao","status":"publish","type":"page","link":"https:\/\/fpisaofrancisco.inf.br\/index.php\/tematicas-de-atuacao\/","title":{"rendered":"Tem\u00e1ticas de Atua\u00e7\u00e3o"},"content":{"rendered":"\t\t<div data-elementor-type=\"wp-page\" data-elementor-id=\"7321\" class=\"elementor elementor-7321\" data-elementor-post-type=\"page\">\n\t\t\t\t<div class=\"elementor-element elementor-element-800a797 e-flex e-con-boxed e-con e-parent\" data-id=\"800a797\" data-element_type=\"container\" data-e-type=\"container\" data-settings=\"{&quot;background_background&quot;:&quot;classic&quot;}\">\n\t\t\t\t\t<div class=\"e-con-inner\">\n\t\t<div class=\"elementor-element elementor-element-42c0a27 e-con-full e-flex e-con e-child\" data-id=\"42c0a27\" data-element_type=\"container\" data-e-type=\"container\">\n\t\t\t\t<div class=\"elementor-element elementor-element-eb51f65 elementor-widget elementor-widget-heading\" data-id=\"eb51f65\" data-element_type=\"widget\" data-e-type=\"widget\" data-widget_type=\"heading.default\">\n\t\t\t\t<div class=\"elementor-widget-container\">\n\t\t\t\t\t<h2 class=\"elementor-heading-title elementor-size-default\">TEM\u00c1TICAS DE ATUA\u00c7\u00c3O<\/h2>\t\t\t\t<\/div>\n\t\t\t\t<\/div>\n\t\t\t\t<\/div>\n\t\t\t\t\t<\/div>\n\t\t\t\t<\/div>\n\t\t<div class=\"elementor-element elementor-element-d9cad5b e-flex e-con-boxed e-con e-parent\" data-id=\"d9cad5b\" data-element_type=\"container\" data-e-type=\"container\">\n\t\t\t\t\t<div class=\"e-con-inner\">\n\t\t\t\t<div class=\"elementor-element elementor-element-7bfd2c9 elementor-widget elementor-widget-spacer\" data-id=\"7bfd2c9\" data-element_type=\"widget\" data-e-type=\"widget\" data-widget_type=\"spacer.default\">\n\t\t\t\t<div class=\"elementor-widget-container\">\n\t\t\t\t\t\t\t<div class=\"elementor-spacer\">\n\t\t\t<div class=\"elementor-spacer-inner\"><\/div>\n\t\t<\/div>\n\t\t\t\t\t\t<\/div>\n\t\t\t\t<\/div>\n\t\t\t\t<div class=\"elementor-element elementor-element-34c9c72 elementor-widget elementor-widget-text-editor\" data-id=\"34c9c72\" data-element_type=\"widget\" data-e-type=\"widget\" data-widget_type=\"text-editor.default\">\n\t\t\t\t<div class=\"elementor-widget-container\">\n\t\t\t\t\t\t\t\t\t<ul><li>Saneamento B\u00e1sico<\/li><li>Agrot\u00f3xicos<\/li><li>Patrim\u00f4nio Cultural,<\/li><li>Hist\u00f3rico, Espeleol\u00f3gico e Arqueol\u00f3gico<\/li><li>Povos e Comunidades Tradicionais<\/li><li>Extra\u00e7\u00e3o Mineral e Cer\u00e2mica<\/li><li>Barragens<\/li><li>Flora<\/li><li>Fauna<\/li><li>Regulariza\u00e7\u00e3o Ambiental<\/li><li>Abatedouros e Ind\u00fastria L\u00e1ctea<\/li><li>Educa\u00e7\u00e3o Ambiental<\/li><li>Gest\u00e3o Ambiental<\/li><li>Seguran\u00e7a H\u00eddrica e Alimentar<\/li><li>Fontes de energias Renov\u00e1veis<\/li><li>Piscicultura, Carcinicultura e Pesca<\/li><\/ul>\t\t\t\t\t\t\t\t<\/div>\n\t\t\t\t<\/div>\n\t\t\t\t\t<\/div>\n\t\t\t\t<\/div>\n\t\t\t\t<\/div>\n\t\t","protected":false},"excerpt":{"rendered":"<p>TEM\u00c1TICAS DE ATUA\u00c7\u00c3O Saneamento B\u00e1sico Agrot\u00f3xicos Patrim\u00f4nio Cultural, Hist\u00f3rico, Espeleol\u00f3gico e Arqueol\u00f3gico Povos e Comunidades Tradicionais Extra\u00e7\u00e3o Mineral e Cer\u00e2mica Barragens Flora Fauna Regulariza\u00e7\u00e3o Ambiental Abatedouros e Ind\u00fastria L\u00e1ctea Educa\u00e7\u00e3o Ambiental Gest\u00e3o Ambiental Seguran\u00e7a H\u00eddrica e Alimentar Fontes de energias Renov\u00e1veis Piscicultura, Carcinicultura e Pesca<\/p>\n","protected":false},"author":2,"featured_media":0,"parent":0,"menu_order":0,"comment_status":"closed","ping_status":"closed","template":"elementor_header_footer","meta":{"footnotes":""},"class_list":["post-7321","page","type-page","status-publish","hentry"],"aioseo_notices":[],"jetpack_sharing_enabled":true,"_links":{"self":[{"href":"https:\/\/fpisaofrancisco.inf.br\/index.php\/wp-json\/wp\/v2\/pages\/7321","targetHints":{"allow":["GET"]}}],"collection":[{"href":"https:\/\/fpisaofrancisco.inf.br\/index.php\/wp-json\/wp\/v2\/pages"}],"about":[{"href":"https:\/\/fpisaofrancisco.inf.br\/index.php\/wp-json\/wp\/v2\/types\/page"}],"author":[{"embeddable":true,"href":"https:\/\/fpisaofrancisco.inf.br\/index.php\/wp-json\/wp\/v2\/users\/2"}],"replies":[{"embeddable":true,"href":"https:\/\/fpisaofrancisco.inf.br\/index.php\/wp-json\/wp\/v2\/comments?post=7321"}],"version-history":[{"count":4,"href":"https:\/\/fpisaofrancisco.inf.br\/index.php\/wp-json\/wp\/v2\/pages\/7321\/revisions"}],"predecessor-version":[{"id":7325,"href":"https:\/\/fpisaofrancisco.inf.br\/index.php\/wp-json\/wp\/v2\/pages\/7321\/revisions\/7325"}],"wp:attachment":[{"href":"https:\/\/fpisaofrancisco.inf.br\/index.php\/wp-json\/wp\/v2\/media?parent=7321"}],"curies":[{"name":"wp","href":"https:\/\/api.w.org\/{rel}","templated":true}]}}